. Let j = v + -14. What is the remainder when j is divided by 5?
4
Suppose -5*n + 24 = s, 4*s - 50 = -2*n - 8. Let h(d) = d**2 - 2*d + 4. Let k be h(4). Let y = 13 + k. Calculate the remainder when y is divided by s.
7
Let k = 0 + 4. Suppose 0*j - 84 = -k*j. What is the remainder when j is divided by ((-88)/(-4))/2 - 0?
10
Let n(r) = -2*r**2 + r + 6. Let c be n(3). Let a = c + 17. What is the remainder when 21 is divided by a?
5
Suppose 177 = -3*y + 60. Let j = -10 - y. Let a = -50 - -60. Calculate the remainder when j is divided by a.
9
Calculate the remainder when (27/(-12))/((-4)/48) is divided by 5.
2
Let i = -3 + 4. Let a(v) be the second derivative of v**3/6 - 2*v**2 + 2*v. Calculate the remainder when a(5) is divided by i.
0
Let r = 57 - 54. Calculate the remainder when 13 is divided by r.
1
Suppose -103 = 2*i + 5*z, 4*z - 71 = 2*i - i. Let l = i + 105. Calculate the remainder when l is divided by 16.
14
Let b = 25 + 2. What is the remainder when b is divided by (-1)/(-10) + (-10703)/(-770)?
13
Suppose -4*s = -5*w - 79 - 44, 0 = -s + 5*w + 27. What is the remainder when s is divided by 11?
10
Suppose 3*s = 2*h - 4*h + 10, 5*h = 3*s + 4. Calculate the remainder when (-1)/(-1)*(3 - -1) is divided by h.
0
Let w = -9 - -6. Let a = 2 + w. What is the remainder when 32 + (-1*2 - a) is divided by 11?
9
Suppose 4*a - 4 = 2*a. Suppose -a*p - 40 = -2*o - 2*o, 0 = 3*p - 6. Calculate the remainder when o is divided by (-8)/(-20)*(2 + 13).
5
Suppose 3*v + 3*b = 60, 3*b = -4*v - 17 + 92. What is the remainder when 59 is divided by v?
14
Let f = 7 + -14. Calculate the remainder when 25/2*(f + 9) is divided by (-34)/(-4) + 1/2.
7
Let q(m) = -m**3 + 3*m**2 + m - 4. Let o be q(5). Let j = o + 74. Calculate the remainder when j is divided by 13.
12
Suppose -5*g + 106 + 414 = 0. What is the remainder when g is divided by 35?
34
Suppose 2*a + 2*a + 28 = 0. Let q = a + 12. Calculate the remainder when 12 is divided by q.
2
Let w = 11 - 6. Suppose g - 2*r = 4*g - 18, w = 2*g - r. Let j(c) = 2*c**2 + 5*c - 2. Calculate the remainder when j(-4) is divided by g.
2
Suppose 0 = -4*v + 2*v - b + 74, -3*b = -12. Calculate the remainder when v is divided by 19.
16
Let y(p) = 2*p**2 + 4*p + 3. Let x(l) = -2*l**3 + 11*l**2 - l - 5. What is the remainder when x(5) is divided by y(-3)?
6
Let l(t) = -t**3 - 10*t**2 - 2*t - 7. What is the remainder when l(-10) is divided by 5?
3
Let s(a) = a**2 - 2*a - 4. What is the remainder when 64 is divided by s(-3)?
9
Let g = 29 - -17. What is the remainder when g is divided by 8?
6
Suppose -2*h + 262 = 2*h - 5*y, -2*y = -h + 67. Suppose 5*w - 42 = -4*b, 0 = -2*b - 3*w + 5*w + 30. Calculate the remainder when h is divided by b.
11
Suppose 5*f + 2*c - 47 = 0, -23 = 4*f - 5*f + 3*c. Suppose -f = 2*o - 67. Calculate the remainder when o is divided by 10.
8
Suppose 0 = 8*g + 27 - 355. Calculate the remainder when g is divided by 11.
8
Suppose -4*m - 3 = 1. Let w be 6 - (1 - m)/2. Suppose w*c - 54 = 26. What is the remainder when 30 is divided by c?
14
Suppose 0 = 5*b - 0*b - 3*p - 246, -4*b + 186 = 3*p. Suppose 0*d - 17 = -d. Calculate the remainder when b is divided by d.
14
Let z be (-92)/20 - 2/5. Let b(m) = m**2 + 5*m + 4. What is the remainder when 9 is divided by b(z)?
1
Calculate the remainder when 104 is divided by (4 - 25/10)*(15 + -1).
20
Suppose -3*s = -6*s. Suppose 3*r - 7 - 50 = s. Calculate the remainder when 54 is divided by r.
16
Let n = 13 + -1. What is the remainder when 39 is divided by 2 - (-9)/6*n?
19
Let i = 288 + -277. Suppose -b = -2*b + 65. What is the remainder when b is divided by i?
10
Let q(d) = -3*d. Let p be q(2). Let t be (-1)/((p/9)/2). Suppose f - 27 = -t*u, 3*f + 5*u - 61 = u. Calculate the remainder when f is divided by 8.
7
Suppose 3*l = 5*l - r - 2, 0 = 2*l - 2*r - 2. Suppose -3*m - 5 = u + 1, 0 = -2*u - 3*m - 6. Calculate the remainder when u - (-1 - -1 - 1) is divided by l.
0
Let s(a) = a**2. Let q be (-6 + (-6)/(-2))*-1. What is the remainder when 17 is divided by s(q)?
8
Suppose 2*m = 7*m + 10. Let a(s) = s**3 - 6*s**2 + s + 7. Calculate the remainder when 22 - (m - (-2 + 2)) is divided by a(6).
11
Let b = 29 + -61. Let y = -19 - b. Calculate the remainder when 38 is divided by y.
12
Calculate the remainder when 65 is divided by -3*(-15*1 - -4).
32
Let l(t) = t + 2. Suppose -5*n + 4*k + 16 = 5, 0 = -n + k + 3. What is the remainder when 2 is divided by l(n)?
0
Let m(x) = -5*x**3 + x**2 + x - 1. Suppose 0 = h - 2 + 4. What is the remainder when m(h) is divided by 14?
13
Suppose 0*f + 4*f + 5 = a, 4*a + 2*f - 38 = 0. What is the remainder when a is divided by (27/18)/(3/10)?
4
Let z = -113 - -163. Let f(u) = 7*u + 1. Let a be f(6). Suppose 0*l = -3*l - 2*v + a, 5*l = -v + 81. Calculate the remainder when z is divided by l.
16
Let f(t) = -t**2 + t + 5. Let c be f(0). Suppose -r - 5*n = 8 + 3, 0 = -c*n - 20. Calculate the remainder when 26 is divided by (-3 - -1)/(-2)*r.
8
Let u be 0/(-2)*2/(-4). Suppose -30 = -3*b + 4*h, b = -5*h - u*h + 29. Calculate the remainder when 38 is divided by b.
10
Let g(v) = 22*v - 1. Let k be 30/(-9)*6/(-5). Let y = -3 + k. Calculate the remainder when g(y) is divided by 11.
10
Calculate the remainder when 6 is divided by (-14 + 11)*(-1)/(2/2).
0
Let o = 14 + -5. Let u be 136/(-10) - 4/10. What is the remainder when o is divided by -2 - (-3)/((-6)/u)?
4
Suppose -48 = -4*q - 4. Calculate the remainder when 52 is divided by q.
8
Let q(k) = 2*k**3 - 25*k**2 + 13*k + 5. What is the remainder when 150 is divided by q(12)?
14
Suppose 0*t = -5*t + 3*k - 59, 0 = -5*t - 4*k - 38. Let c(s) = -s**2 - 12*s - 4. What is the remainder when c(t) is divided by 9?
7
Let c(w) = -w**3 - 10*w**2 - w + 6. Calculate the remainder when 61 is divided by c(-10).
13
Suppose 0 = 4*v - 3*z - 2*z - 44, 0 = 5*z. Suppose a = -a + 12. Calculate the remainder when v is divided by a.
5
Let s = 16 - 6. Let r(w) = -w**3 + 2*w**2 - 2*w - 1. Calculate the remainder when r(-2) is divided by s.
9
Let p be -11 + 9 + 0 + 8. What is the remainder when (237/9)/(2/p) is divided by 20?
19
Suppose 3*t + 0*t - 3*q = -6, -3*q + 3 = 0. Let y = 37 + -24. Calculate the remainder when (t/2)/((-2)/96) is divided by y.
11
Let x(q) = 11*q**2 + 7*q - 9. What is the remainder when x(4) is divided by 50?
45
Let p be 3/5 - 94/(-10). Suppose 0*n = n. Suppose -c + p - 4 = n. What is the remainder when c is divided by 3?
0
Let h = 14 - 6. Suppose -2*u = -0*z + 4*z - 46, 4*z = h. Suppose -v + 15 - 5 = 0. Calculate the remainder when u is divided by v.
9
Suppose 0*c + 4*c = 0. Suppose -2*b - 3*j = -2*j - 36, -3*b + 2*j + 47 = c. What is the remainder when 33 is divided by b?
16
Let w = 17 + 4. Let k(n) = -3*n**3 - 2*n**2 - 13. Let s(a) = 2*a**3 + a**2 + 7. Let x(u) = -3*k(u) - 5*s(u). What is the remainder when x(-3) is divided by w?
19
Let p(q) = 61*q**3 - 2*q**2 + 2*q - 1. Let i be p(1). Suppose 5*d = 3*f + 17, 3*d - 3 = -2*f + 11. What is the remainder when (2/4)/(5/i) is divided by d?
2
Let t = 1 - -11. Suppose -2*q + 5*q - t = 0. Suppose 11 = -q*x + 55. Calculate the remainder when 20 is divided by x.
9
Let z(f) = 2*f - 11. Let m = 3 + 0. Calculate the remainder when z(8) is divided by m.
2
Let u(o) = o**2 - 6*o + 3. Let x be u(2). Let j = x + 7. What is the remainder when 3 is divided by j?
1
Suppose 3*o + 3*q - 12 = 0, 2*o - q = -2*q + 5. Suppose 0 = -s - 4*w - 3 - 18, -11 = s + 2*w. What is the remainder when 20 is divided by (-11)/(-2 - s/o)?
9
Suppose 2*p - 6*p + 2*y + 50 = 0, -y = -5*p + 70. Suppose 2*s - 126 = 3*x, 4*s + 8*x - 212 = 4*x. What is the remainder when s is divided by p?
12
Let g be (-11)/(-3) + (-2)/(-6). Suppose -3*c = -g*c + 12. What is the remainder when 22 is divided by c?
10
Calculate the remainder when 49 is divided by (2/(-6))/(14/(-168)).
1
Let v be (86/10)/(3/15). Let g = v - 29. Suppose -i + 70 = 16. Calculate the remainder when i is divided by g.
12
Let a(r) be the third derivative of -r**6/120 + r**5/12 + r**4/3 - r**3/2 + 2*r**2. Let g be a(6). What is the remainder when 5 is divided by 20/g + (-6)/27?
1
What is the remainder when 141 is divided by -6*12*(-1 + 4/12)?
45
Calculate the remainder when 0 + (-15 + 2)/(-1) is divided by 5.
3
Let j = -39 + 55. Let f(g) = g - 1. Let d be f(6). Let y